{"id":4888,"date":"2020-06-03T17:36:06","date_gmt":"2020-06-03T21:36:06","guid":{"rendered":"https:\/\/www.braintumour.ca\/?post_type=events&#038;p=4888"},"modified":"2020-07-07T14:12:02","modified_gmt":"2020-07-07T18:12:02","slug":"appel-communautaire","status":"publish","type":"events","link":"https:\/\/www.braintumour.ca\/fr\/evenements\/appel-communautaire\/","title":{"rendered":"Appel communautaire"},"content":{"rendered":"<p><img loading=\"lazy\" decoding=\"async\" class=\"alignright size-medium wp-image-4833\" src=\"https:\/\/www.braintumour.ca\/wp-content\/uploads\/2020\/06\/Community-Call-In-FR-Square-300x300.jpg\" alt=\"\" width=\"300\" height=\"300\" srcset=\"https:\/\/www.braintumour.ca\/wp-content\/uploads\/2020\/06\/Community-Call-In-FR-Square-300x300.jpg 300w, https:\/\/www.braintumour.ca\/wp-content\/uploads\/2020\/06\/Community-Call-In-FR-Square-1024x1024.jpg 1024w, https:\/\/www.braintumour.ca\/wp-content\/uploads\/2020\/06\/Community-Call-In-FR-Square-150x150.jpg 150w, https:\/\/www.braintumour.ca\/wp-content\/uploads\/2020\/06\/Community-Call-In-FR-Square-768x768.jpg 768w, https:\/\/www.braintumour.ca\/wp-content\/uploads\/2020\/06\/Community-Call-In-FR-Square-1536x1536.jpg 1536w, https:\/\/www.braintumour.ca\/wp-content\/uploads\/2020\/06\/Community-Call-In-FR-Square-2048x2048.jpg 2048w, https:\/\/www.braintumour.ca\/wp-content\/uploads\/2020\/06\/Community-Call-In-FR-Square-640x640.jpg 640w, https:\/\/www.braintumour.ca\/wp-content\/uploads\/2020\/06\/Community-Call-In-FR-Square-1200x1200.jpg 1200w, https:\/\/www.braintumour.ca\/wp-content\/uploads\/2020\/06\/Community-Call-In-FR-Square-1920x1920.jpg 1920w, https:\/\/www.braintumour.ca\/wp-content\/uploads\/2020\/06\/Community-Call-In-FR-Square-1440x1440.jpg 1440w, https:\/\/www.braintumour.ca\/wp-content\/uploads\/2020\/06\/Community-Call-In-FR-Square-1080x1080.jpg 1080w\" sizes=\"auto, (max-width: 639px) 98vw, (max-width: 1199px) 64vw, 300px\" \/>La Fondation canadienne des tumeurs c\u00e9r\u00e9brales est fi\u00e8re d&rsquo;offrir du <a href=\"https:\/\/www.braintumour.ca\/fr\/soutien\/soutienalamaison\/\">#Soutien\u00e0lamaison<\/a> pour tous les membres de notre communaut\u00e9. Dans le cadre de ce programme, nous d\u00e9sirons vous inviter \u00e0 participer \u00e0 un Appel communautaire via la plateforme <a href=\"https:\/\/attendee.gotowebinar.com\/register\/2758495861024627467\">GoToWebinar<\/a>. Cet \u00e9v\u00e9nement virtuel sera anim\u00e9 par Karen Malkin-Lazarovitz, sp\u00e9cialiste des services de soutien et par Romina Ferro, associ\u00e9e au marketing et aux communications \u00e0 la fondation.<\/p>\n<p>Vous avez une question sur le soutien?\u00a0 Vous voulez simplement partager et discuter? Nos vies ont beaucoup chang\u00e9 ces derniers temps et nous voulons que vous sachiez que nous sommes l\u00e0 pour vous. Nous ferons de notre mieux pour r\u00e9pondre \u00e0 vos questions et\/ou vous diriger vers la\/les bonne(s) personne(s) de votre \u00e9quipe de soins de sant\u00e9 ou au sein de votre communaut\u00e9 pour plus d&rsquo;informations.<\/p>\n<p><strong>INSCRIVEZ-VOUS D\u00c8S MAINTENANT:<\/strong> <a href=\"https:\/\/attendee.gotowebinar.com\/register\/2445214212279040781\">https:\/\/attendee.gotowebinar.com\/register\/2445214212279040781<\/a><\/p>\n<p>&nbsp;<\/p>\n","protected":false},"excerpt":{"rendered":"<p>Nous d\u00e9sirons vous inviter \u00e0 participer \u00e0 un Appel communautaire via la plateforme GoToWebinar.<\/p>\n","protected":false},"author":6,"featured_media":4889,"parent":0,"template":"","event_type":[158],"locations":[193,242,159,194,272,160,195,273,161,196,274,162,197,275,182,198,276,183,199,277,184,200,278,185,201,279,186,202,187,203,188,204,189,205,190,206,191,207,192,208],"class_list":["post-4888","events","type-events","status-publish","has-post-thumbnail","hentry","event_type-support-groups-fr","locations-niagara-on-fr","locations-saint-isodore-qc-fr","locations-sudbury-fr","locations-north-bay-fr","locations-barrie-on-fr","locations-montreal","locations-ottawa-fr","locations-kingston-on-fr","locations-canada-wide-fr","locations-sarnia-on-fr","locations-sault-ste-marie-on-fr","locations-moncton-nb-fr","locations-saskatoon-fr","locations-burlington-on-fr","locations-ajax-on-fr","locations-toronto-fr","locations-paradise-nl-fr","locations-hamilton-fr","locations-vancouver-fr","locations-banff-fr","locations-calgary-fr","locations-victoria-fr","locations-regina-sk-fr","locations-edmonton-fr","locations-whitehorse-fr","locations-richmond-bc-fr","locations-fredericton-fr","locations-yellowknife-fr","locations-guelph-fr","locations-winnipeg-fr","locations-halifax-fr","locations-brampton-fr","locations-kitchener-fr","locations-belleville-fr","locations-london-fr","locations-windsor-fr","locations-mississauga-fr","locations-quebec-city-fr","locations-new-glasgow-ns-fr","locations-st-johns-fr"],"acf":[],"yoast_head":"<!-- This site is optimized with the Yoast SEO Premium plugin v27.0 (Yoast SEO v27.0) - https:\/\/yoast.com\/product\/yoast-seo-premium-wordpress\/ -->\n<title>Appel communautaire - Fondation canadienne des tumeurs c\u00e9r\u00e9brales<\/title>\n<meta name=\"description\" content=\"Nous d\u00e9sirons vous inviter \u00e0 participer \u00e0 un Appel communautaire via la plateforme GoToWebinar.\" \/>\n<meta name=\"robots\" content=\"index, follow, max-snippet:-1, max-image-preview:large, max-video-preview:-1\" \/>\n<link rel=\"canonical\" href=\"https:\/\/www.braintumour.ca\/fr\/evenements\/appel-communautaire\/\" \/>\n<meta property=\"og:locale\" content=\"fr_CA\" \/>\n<meta property=\"og:type\" content=\"article\" \/>\n<meta property=\"og:title\" content=\"Appel communautaire\" \/>\n<meta property=\"og:description\" content=\"Nous d\u00e9sirons vous inviter \u00e0 participer \u00e0 un Appel communautaire via la plateforme GoToWebinar.\" \/>\n<meta property=\"og:url\" content=\"https:\/\/www.braintumour.ca\/fr\/evenements\/appel-communautaire\/\" \/>\n<meta property=\"og:site_name\" content=\"Fondation canadienne des tumeurs c\u00e9r\u00e9brales\" \/>\n<meta property=\"article:modified_time\" content=\"2020-07-07T18:12:02+00:00\" \/>\n<meta property=\"og:image\" content=\"https:\/\/www.braintumour.ca\/wp-content\/uploads\/2020\/06\/Community-Call-In-FR-Rectangle-scaled.jpg\" \/>\n\t<meta property=\"og:image:width\" content=\"2560\" \/>\n\t<meta property=\"og:image:height\" content=\"1536\" \/>\n\t<meta property=\"og:image:type\" content=\"image\/jpeg\" \/>\n<meta name=\"twitter:card\" content=\"summary_large_image\" \/>\n<meta name=\"twitter:label1\" content=\"Estimation du temps de lecture\" \/>\n\t<meta name=\"twitter:data1\" content=\"1 minute\" \/>\n<script type=\"application\/ld+json\" class=\"yoast-schema-graph\">{\"@context\":\"https:\/\/schema.org\",\"@graph\":[{\"@type\":\"WebPage\",\"@id\":\"https:\/\/www.braintumour.ca\/fr\/evenements\/appel-communautaire\/\",\"url\":\"https:\/\/www.braintumour.ca\/fr\/evenements\/appel-communautaire\/\",\"name\":\"Appel communautaire - Fondation canadienne des tumeurs c\u00e9r\u00e9brales\",\"isPartOf\":{\"@id\":\"https:\/\/www.braintumour.ca\/fr\/#website\"},\"primaryImageOfPage\":{\"@id\":\"https:\/\/www.braintumour.ca\/fr\/evenements\/appel-communautaire\/#primaryimage\"},\"image\":{\"@id\":\"https:\/\/www.braintumour.ca\/fr\/evenements\/appel-communautaire\/#primaryimage\"},\"thumbnailUrl\":\"https:\/\/www.braintumour.ca\/wp-content\/uploads\/2020\/06\/Community-Call-In-FR-Rectangle-scaled.jpg\",\"datePublished\":\"2020-06-03T21:36:06+00:00\",\"dateModified\":\"2020-07-07T18:12:02+00:00\",\"description\":\"Nous d\u00e9sirons vous inviter \u00e0 participer \u00e0 un Appel communautaire via la plateforme GoToWebinar.\",\"breadcrumb\":{\"@id\":\"https:\/\/www.braintumour.ca\/fr\/evenements\/appel-communautaire\/#breadcrumb\"},\"inLanguage\":\"fr-CA\",\"potentialAction\":[{\"@type\":\"ReadAction\",\"target\":[\"https:\/\/www.braintumour.ca\/fr\/evenements\/appel-communautaire\/\"]}]},{\"@type\":\"ImageObject\",\"inLanguage\":\"fr-CA\",\"@id\":\"https:\/\/www.braintumour.ca\/fr\/evenements\/appel-communautaire\/#primaryimage\",\"url\":\"https:\/\/www.braintumour.ca\/wp-content\/uploads\/2020\/06\/Community-Call-In-FR-Rectangle-scaled.jpg\",\"contentUrl\":\"https:\/\/www.braintumour.ca\/wp-content\/uploads\/2020\/06\/Community-Call-In-FR-Rectangle-scaled.jpg\",\"width\":2560,\"height\":1536},{\"@type\":\"BreadcrumbList\",\"@id\":\"https:\/\/www.braintumour.ca\/fr\/evenements\/appel-communautaire\/#breadcrumb\",\"itemListElement\":[{\"@type\":\"ListItem\",\"position\":1,\"name\":\"Home\",\"item\":\"https:\/\/www.braintumour.ca\/fr\/\"},{\"@type\":\"ListItem\",\"position\":2,\"name\":\"Events\",\"item\":\"https:\/\/www.braintumour.ca\/fr\/evenements\/\"},{\"@type\":\"ListItem\",\"position\":3,\"name\":\"Appel communautaire\"}]},{\"@type\":\"WebSite\",\"@id\":\"https:\/\/www.braintumour.ca\/fr\/#website\",\"url\":\"https:\/\/www.braintumour.ca\/fr\/\",\"name\":\"Fondation canadienne des tumeurs c\u00e9r\u00e9brales\",\"description\":\"Notre mission est de venir en aide \u00e0 toutes les personnes touch\u00e9es par une tumeur c\u00e9r\u00e9brale au Canada par le biais de nos programmes d\u2019information, de soutien, d\u2019\u00e9ducation et de recherche.\",\"potentialAction\":[{\"@type\":\"SearchAction\",\"target\":{\"@type\":\"EntryPoint\",\"urlTemplate\":\"https:\/\/www.braintumour.ca\/fr\/?s={search_term_string}\"},\"query-input\":{\"@type\":\"PropertyValueSpecification\",\"valueRequired\":true,\"valueName\":\"search_term_string\"}}],\"inLanguage\":\"fr-CA\"}]}<\/script>\n<!-- \/ Yoast SEO Premium plugin. -->","yoast_head_json":{"title":"Appel communautaire - Fondation canadienne des tumeurs c\u00e9r\u00e9brales","description":"Nous d\u00e9sirons vous inviter \u00e0 participer \u00e0 un Appel communautaire via la plateforme GoToWebinar.","robots":{"index":"index","follow":"follow","max-snippet":"max-snippet:-1","max-image-preview":"max-image-preview:large","max-video-preview":"max-video-preview:-1"},"canonical":"https:\/\/www.braintumour.ca\/fr\/evenements\/appel-communautaire\/","og_locale":"fr_CA","og_type":"article","og_title":"Appel communautaire","og_description":"Nous d\u00e9sirons vous inviter \u00e0 participer \u00e0 un Appel communautaire via la plateforme GoToWebinar.","og_url":"https:\/\/www.braintumour.ca\/fr\/evenements\/appel-communautaire\/","og_site_name":"Fondation canadienne des tumeurs c\u00e9r\u00e9brales","article_modified_time":"2020-07-07T18:12:02+00:00","og_image":[{"width":2560,"height":1536,"url":"https:\/\/www.braintumour.ca\/wp-content\/uploads\/2020\/06\/Community-Call-In-FR-Rectangle-scaled.jpg","type":"image\/jpeg"}],"twitter_card":"summary_large_image","twitter_misc":{"Estimation du temps de lecture":"1 minute"},"schema":{"@context":"https:\/\/schema.org","@graph":[{"@type":"WebPage","@id":"https:\/\/www.braintumour.ca\/fr\/evenements\/appel-communautaire\/","url":"https:\/\/www.braintumour.ca\/fr\/evenements\/appel-communautaire\/","name":"Appel communautaire - Fondation canadienne des tumeurs c\u00e9r\u00e9brales","isPartOf":{"@id":"https:\/\/www.braintumour.ca\/fr\/#website"},"primaryImageOfPage":{"@id":"https:\/\/www.braintumour.ca\/fr\/evenements\/appel-communautaire\/#primaryimage"},"image":{"@id":"https:\/\/www.braintumour.ca\/fr\/evenements\/appel-communautaire\/#primaryimage"},"thumbnailUrl":"https:\/\/www.braintumour.ca\/wp-content\/uploads\/2020\/06\/Community-Call-In-FR-Rectangle-scaled.jpg","datePublished":"2020-06-03T21:36:06+00:00","dateModified":"2020-07-07T18:12:02+00:00","description":"Nous d\u00e9sirons vous inviter \u00e0 participer \u00e0 un Appel communautaire via la plateforme GoToWebinar.","breadcrumb":{"@id":"https:\/\/www.braintumour.ca\/fr\/evenements\/appel-communautaire\/#breadcrumb"},"inLanguage":"fr-CA","potentialAction":[{"@type":"ReadAction","target":["https:\/\/www.braintumour.ca\/fr\/evenements\/appel-communautaire\/"]}]},{"@type":"ImageObject","inLanguage":"fr-CA","@id":"https:\/\/www.braintumour.ca\/fr\/evenements\/appel-communautaire\/#primaryimage","url":"https:\/\/www.braintumour.ca\/wp-content\/uploads\/2020\/06\/Community-Call-In-FR-Rectangle-scaled.jpg","contentUrl":"https:\/\/www.braintumour.ca\/wp-content\/uploads\/2020\/06\/Community-Call-In-FR-Rectangle-scaled.jpg","width":2560,"height":1536},{"@type":"BreadcrumbList","@id":"https:\/\/www.braintumour.ca\/fr\/evenements\/appel-communautaire\/#breadcrumb","itemListElement":[{"@type":"ListItem","position":1,"name":"Home","item":"https:\/\/www.braintumour.ca\/fr\/"},{"@type":"ListItem","position":2,"name":"Events","item":"https:\/\/www.braintumour.ca\/fr\/evenements\/"},{"@type":"ListItem","position":3,"name":"Appel communautaire"}]},{"@type":"WebSite","@id":"https:\/\/www.braintumour.ca\/fr\/#website","url":"https:\/\/www.braintumour.ca\/fr\/","name":"Fondation canadienne des tumeurs c\u00e9r\u00e9brales","description":"Notre mission est de venir en aide \u00e0 toutes les personnes touch\u00e9es par une tumeur c\u00e9r\u00e9brale au Canada par le biais de nos programmes d\u2019information, de soutien, d\u2019\u00e9ducation et de recherche.","potentialAction":[{"@type":"SearchAction","target":{"@type":"EntryPoint","urlTemplate":"https:\/\/www.braintumour.ca\/fr\/?s={search_term_string}"},"query-input":{"@type":"PropertyValueSpecification","valueRequired":true,"valueName":"search_term_string"}}],"inLanguage":"fr-CA"}]}},"_links":{"self":[{"href":"https:\/\/www.braintumour.ca\/fr\/wp-json\/wp\/v2\/events\/4888","targetHints":{"allow":["GET"]}}],"collection":[{"href":"https:\/\/www.braintumour.ca\/fr\/wp-json\/wp\/v2\/events"}],"about":[{"href":"https:\/\/www.braintumour.ca\/fr\/wp-json\/wp\/v2\/types\/events"}],"author":[{"embeddable":true,"href":"https:\/\/www.braintumour.ca\/fr\/wp-json\/wp\/v2\/users\/6"}],"version-history":[{"count":0,"href":"https:\/\/www.braintumour.ca\/fr\/wp-json\/wp\/v2\/events\/4888\/revisions"}],"wp:featuredmedia":[{"embeddable":true,"href":"https:\/\/www.braintumour.ca\/fr\/wp-json\/wp\/v2\/media\/4889"}],"wp:attachment":[{"href":"https:\/\/www.braintumour.ca\/fr\/wp-json\/wp\/v2\/media?parent=4888"}],"wp:term":[{"taxonomy":"event_type","embeddable":true,"href":"https:\/\/www.braintumour.ca\/fr\/wp-json\/wp\/v2\/event_type?post=4888"},{"taxonomy":"locations","embeddable":true,"href":"https:\/\/www.braintumour.ca\/fr\/wp-json\/wp\/v2\/locations?post=4888"}],"curies":[{"name":"wp","href":"https:\/\/api.w.org\/{rel}","templated":true}]}}

<p><img loading="lazy" decoding="async" class="alignright size-medium wp-image-4833" src="https://www.braintumour.ca/wp-content/uploads/2020/06/Community-Call-In-FR-Square-300x300.jpg" alt="" width="300" height="300" srcset="https://www.braintumour.ca/wp-content/uploads/2020/06/Community-Call-In-FR-Square-300x300.jpg 300w, https://www.braintumour.ca/wp-content/uploads/2020/06/Community-Call-In-FR-Square-1024x1024.jpg 1024w, https://www.braintumour.ca/wp-content/uploads/2020/06/Community-Call-In-FR-Square-150x150.jpg 150w, https://www.braintumour.ca/wp-content/uploads/2020/06/Community-Call-In-FR-Square-768x768.jpg 768w, https://www.braintumour.ca/wp-content/uploads/2020/06/Community-Call-In-FR-Square-1536x1536.jpg 1536w, https://www.braintumour.ca/wp-content/uploads/2020/06/Community-Call-In-FR-Square-2048x2048.jpg 2048w, https://www.braintumour.ca/wp-content/uploads/2020/06/Community-Call-In-FR-Square-640x640.jpg 640w, https://www.braintumour.ca/wp-content/uploads/2020/06/Community-Call-In-FR-Square-1200x1200.jpg 1200w, https://www.braintumour.ca/wp-content/uploads/2020/06/Community-Call-In-FR-Square-1920x1920.jpg 1920w, https://www.braintumour.ca/wp-content/uploads/2020/06/Community-Call-In-FR-Square-1440x1440.jpg 1440w, https://www.braintumour.ca/wp-content/uploads/2020/06/Community-Call-In-FR-Square-1080x1080.jpg 1080w" sizes="auto, (max-width: 639px) 98vw, (max-width: 1199px) 64vw, 300px" />La Fondation canadienne des tumeurs cérébrales est fière d&rsquo;offrir du <a href="https://www.braintumour.ca/fr/soutien/soutienalamaison/">#Soutienàlamaison</a> pour tous les membres de notre communauté. Dans le cadre de ce programme, nous désirons vous inviter à participer à un Appel communautaire via la plateforme <a href="https://attendee.gotowebinar.com/register/2758495861024627467">GoToWebinar</a>. Cet événement virtuel sera animé par Karen Malkin-Lazarovitz, spécialiste des services de soutien et par Romina Ferro, associée au marketing et aux communications à la fondation.</p>
<p>Vous avez une question sur le soutien?  Vous voulez simplement partager et discuter? Nos vies ont beaucoup changé ces derniers temps et nous voulons que vous sachiez que nous sommes là pour vous. Nous ferons de notre mieux pour répondre à vos questions et/ou vous diriger vers la/les bonne(s) personne(s) de votre équipe de soins de santé ou au sein de votre communauté pour plus d&rsquo;informations.</p>
<p><strong>INSCRIVEZ-VOUS DÈS MAINTENANT:</strong> <a href="https://attendee.gotowebinar.com/register/2445214212279040781">https://attendee.gotowebinar.com/register/2445214212279040781</a></p>
<p>&nbsp;</p>

<p>Nous désirons vous inviter à participer à un Appel communautaire via la plateforme GoToWebinar.</p>

<!-- This site is optimized with the Yoast SEO Premium plugin v27.0 (Yoast SEO v27.0) - https://yoast.com/product/yoast-seo-premium-wordpress/ -->
<title>Appel communautaire - Fondation canadienne des tumeurs cérébrales</title>
<meta name="description" content="Nous désirons vous inviter à participer à un Appel communautaire via la plateforme GoToWebinar." />
<meta name="robots" content="index, follow, max-snippet:-1, max-image-preview:large, max-video-preview:-1" />
<link rel="canonical" href="https://www.braintumour.ca/fr/evenements/appel-communautaire/" />
<meta property="og:locale" content="fr_CA" />
<meta property="og:type" content="article" />
<meta property="og:title" content="Appel communautaire" />
<meta property="og:description" content="Nous désirons vous inviter à participer à un Appel communautaire via la plateforme GoToWebinar." />
<meta property="og:url" content="https://www.braintumour.ca/fr/evenements/appel-communautaire/" />
<meta property="og:site_name" content="Fondation canadienne des tumeurs cérébrales" />
<meta property="article:modified_time" content="2020-07-07T18:12:02+00:00" />
<meta property="og:image" content="https://www.braintumour.ca/wp-content/uploads/2020/06/Community-Call-In-FR-Rectangle-scaled.jpg" />
	<meta property="og:image:width" content="2560" />
	<meta property="og:image:height" content="1536" />
	<meta property="og:image:type" content="image/jpeg" />
<meta name="twitter:card" content="summary_large_image" />
<meta name="twitter:label1" content="Estimation du temps de lecture" />
	<meta name="twitter:data1" content="1 minute" />
<script type="application/ld+json" class="yoast-schema-graph">{"@context":"https://schema.org","@graph":[{"@type":"WebPage","@id":"https://www.braintumour.ca/fr/evenements/appel-communautaire/","url":"https://www.braintumour.ca/fr/evenements/appel-communautaire/","name":"Appel communautaire - Fondation canadienne des tumeurs cérébrales","isPartOf":{"@id":"https://www.braintumour.ca/fr/#website"},"primaryImageOfPage":{"@id":"https://www.braintumour.ca/fr/evenements/appel-communautaire/#primaryimage"},"image":{"@id":"https://www.braintumour.ca/fr/evenements/appel-communautaire/#primaryimage"},"thumbnailUrl":"https://www.braintumour.ca/wp-content/uploads/2020/06/Community-Call-In-FR-Rectangle-scaled.jpg","datePublished":"2020-06-03T21:36:06+00:00","dateModified":"2020-07-07T18:12:02+00:00","description":"Nous désirons vous inviter à participer à un Appel communautaire via la plateforme GoToWebinar.","breadcrumb":{"@id":"https://www.braintumour.ca/fr/evenements/appel-communautaire/#breadcrumb"},"inLanguage":"fr-CA","potentialAction":[{"@type":"ReadAction","target":["https://www.braintumour.ca/fr/evenements/appel-communautaire/"]}]},{"@type":"ImageObject","inLanguage":"fr-CA","@id":"https://www.braintumour.ca/fr/evenements/appel-communautaire/#primaryimage","url":"https://www.braintumour.ca/wp-content/uploads/2020/06/Community-Call-In-FR-Rectangle-scaled.jpg","contentUrl":"https://www.braintumour.ca/wp-content/uploads/2020/06/Community-Call-In-FR-Rectangle-scaled.jpg","width":2560,"height":1536},{"@type":"BreadcrumbList","@id":"https://www.braintumour.ca/fr/evenements/appel-communautaire/#breadcrumb","itemListElement":[{"@type":"ListItem","position":1,"name":"Home","item":"https://www.braintumour.ca/fr/"},{"@type":"ListItem","position":2,"name":"Events","item":"https://www.braintumour.ca/fr/evenements/"},{"@type":"ListItem","position":3,"name":"Appel communautaire"}]},{"@type":"WebSite","@id":"https://www.braintumour.ca/fr/#website","url":"https://www.braintumour.ca/fr/","name":"Fondation canadienne des tumeurs cérébrales","description":"Notre mission est de venir en aide à toutes les personnes touchées par une tumeur cérébrale au Canada par le biais de nos programmes d’information, de soutien, d’éducation et de recherche.","potentialAction":[{"@type":"SearchAction","target":{"@type":"EntryPoint","urlTemplate":"https://www.braintumour.ca/fr/?s={search_term_string}"},"query-input":{"@type":"PropertyValueSpecification","valueRequired":true,"valueName":"search_term_string"}}],"inLanguage":"fr-CA"}]}</script>
<!-- / Yoast SEO Premium plugin. -->

Appel communautaire - Fondation canadienne des tumeurs cérébrales

Nous désirons vous inviter à participer à un Appel communautaire via la plateforme GoToWebinar.

Fondation canadienne des tumeurs cérébrales

Notre mission est de venir en aide à toutes les personnes touchées par une tumeur cérébrale au Canada par le biais de nos programmes d’information, de soutien, d’éducation et de recherche.
