{"id":13387,"date":"2025-05-09T10:13:39","date_gmt":"2025-05-09T14:13:39","guid":{"rendered":"https:\/\/www.braintumour.ca\/focus-groups\/"},"modified":"2025-06-26T20:14:47","modified_gmt":"2025-06-27T00:14:47","slug":"focus-groups","status":"publish","type":"page","link":"https:\/\/www.braintumour.ca\/fr\/focus-groups\/","title":{"rendered":"Groupes de discussion"},"content":{"rendered":"","protected":false},"excerpt":{"rendered":"","protected":false},"author":4,"featured_media":13362,"parent":0,"menu_order":1,"comment_status":"closed","ping_status":"closed","template":"","meta":{"_acf_changed":false,"footnotes":""},"user_type":[],"class_list":["post-13387","page","type-page","status-publish","has-post-thumbnail","hentry"],"acf":[],"yoast_head":"<!-- This site is optimized with the Yoast SEO Premium plugin v27.0 (Yoast SEO v27.0) - https:\/\/yoast.com\/product\/yoast-seo-premium-wordpress\/ -->\n<title>Groupes de discussion - Fondation canadienne des tumeurs c\u00e9r\u00e9brales<\/title>\n<meta name=\"description\" content=\"Dans le cadre de l\u2019\u00e9laboration de notre plan strat\u00e9gique 2026\u20132029, la Fondation canadienne des tumeurs c\u00e9r\u00e9brales organisera une s\u00e9rie de groupes de discussion virtuels pour entendre directement notre communaut\u00e9.\" \/>\n<meta name=\"robots\" content=\"index, follow, max-snippet:-1, max-image-preview:large, max-video-preview:-1\" \/>\n<link rel=\"canonical\" href=\"https:\/\/www.braintumour.ca\/fr\/focus-groups\/\" \/>\n<meta property=\"og:locale\" content=\"fr_CA\" \/>\n<meta property=\"og:type\" content=\"article\" \/>\n<meta property=\"og:title\" content=\"Groupes de discussion\" \/>\n<meta property=\"og:description\" content=\"Dans le cadre de l\u2019\u00e9laboration de notre plan strat\u00e9gique 2026\u20132029, la Fondation canadienne des tumeurs c\u00e9r\u00e9brales organisera une s\u00e9rie de groupes de discussion virtuels pour entendre directement notre communaut\u00e9.\" \/>\n<meta property=\"og:url\" content=\"https:\/\/www.braintumour.ca\/fr\/focus-groups\/\" \/>\n<meta property=\"og:site_name\" content=\"Fondation canadienne des tumeurs c\u00e9r\u00e9brales\" \/>\n<meta property=\"article:modified_time\" content=\"2025-06-27T00:14:47+00:00\" \/>\n<meta property=\"og:image\" content=\"https:\/\/www.braintumour.ca\/wp-content\/uploads\/2025\/05\/Focus-group-banner.png\" \/>\n\t<meta property=\"og:image:width\" content=\"1440\" \/>\n\t<meta property=\"og:image:height\" content=\"600\" \/>\n\t<meta property=\"og:image:type\" content=\"image\/png\" \/>\n<meta name=\"twitter:card\" content=\"summary_large_image\" \/>\n<meta name=\"twitter:label1\" content=\"Estimation du temps de lecture\" \/>\n\t<meta name=\"twitter:data1\" content=\"2 minutes\" \/>\n<script type=\"application\/ld+json\" class=\"yoast-schema-graph\">{\"@context\":\"https:\/\/schema.org\",\"@graph\":[{\"@type\":\"WebPage\",\"@id\":\"https:\/\/www.braintumour.ca\/fr\/focus-groups\/\",\"url\":\"https:\/\/www.braintumour.ca\/fr\/focus-groups\/\",\"name\":\"Groupes de discussion - Fondation canadienne des tumeurs c\u00e9r\u00e9brales\",\"isPartOf\":{\"@id\":\"https:\/\/www.braintumour.ca\/fr\/#website\"},\"primaryImageOfPage\":{\"@id\":\"https:\/\/www.braintumour.ca\/fr\/focus-groups\/#primaryimage\"},\"image\":{\"@id\":\"https:\/\/www.braintumour.ca\/fr\/focus-groups\/#primaryimage\"},\"thumbnailUrl\":\"https:\/\/www.braintumour.ca\/wp-content\/uploads\/2025\/05\/Focus-group-banner.png\",\"datePublished\":\"2025-05-09T14:13:39+00:00\",\"dateModified\":\"2025-06-27T00:14:47+00:00\",\"description\":\"Dans le cadre de l\u2019\u00e9laboration de notre plan strat\u00e9gique 2026\u20132029, la Fondation canadienne des tumeurs c\u00e9r\u00e9brales organisera une s\u00e9rie de groupes de discussion virtuels pour entendre directement notre communaut\u00e9.\",\"breadcrumb\":{\"@id\":\"https:\/\/www.braintumour.ca\/fr\/focus-groups\/#breadcrumb\"},\"inLanguage\":\"fr-CA\",\"potentialAction\":[{\"@type\":\"ReadAction\",\"target\":[\"https:\/\/www.braintumour.ca\/fr\/focus-groups\/\"]}]},{\"@type\":\"ImageObject\",\"inLanguage\":\"fr-CA\",\"@id\":\"https:\/\/www.braintumour.ca\/fr\/focus-groups\/#primaryimage\",\"url\":\"https:\/\/www.braintumour.ca\/wp-content\/uploads\/2025\/05\/Focus-group-banner.png\",\"contentUrl\":\"https:\/\/www.braintumour.ca\/wp-content\/uploads\/2025\/05\/Focus-group-banner.png\",\"width\":1440,\"height\":600},{\"@type\":\"BreadcrumbList\",\"@id\":\"https:\/\/www.braintumour.ca\/fr\/focus-groups\/#breadcrumb\",\"itemListElement\":[{\"@type\":\"ListItem\",\"position\":1,\"name\":\"Home\",\"item\":\"https:\/\/www.braintumour.ca\/fr\/\"},{\"@type\":\"ListItem\",\"position\":2,\"name\":\"Groupes de discussion\"}]},{\"@type\":\"WebSite\",\"@id\":\"https:\/\/www.braintumour.ca\/fr\/#website\",\"url\":\"https:\/\/www.braintumour.ca\/fr\/\",\"name\":\"Fondation canadienne des tumeurs c\u00e9r\u00e9brales\",\"description\":\"Notre mission est de venir en aide \u00e0 toutes les personnes touch\u00e9es par une tumeur c\u00e9r\u00e9brale au Canada par le biais de nos programmes d\u2019information, de soutien, d\u2019\u00e9ducation et de recherche.\",\"potentialAction\":[{\"@type\":\"SearchAction\",\"target\":{\"@type\":\"EntryPoint\",\"urlTemplate\":\"https:\/\/www.braintumour.ca\/fr\/?s={search_term_string}\"},\"query-input\":{\"@type\":\"PropertyValueSpecification\",\"valueRequired\":true,\"valueName\":\"search_term_string\"}}],\"inLanguage\":\"fr-CA\"}]}<\/script>\n<!-- \/ Yoast SEO Premium plugin. -->","yoast_head_json":{"title":"Groupes de discussion - Fondation canadienne des tumeurs c\u00e9r\u00e9brales","description":"Dans le cadre de l\u2019\u00e9laboration de notre plan strat\u00e9gique 2026\u20132029, la Fondation canadienne des tumeurs c\u00e9r\u00e9brales organisera une s\u00e9rie de groupes de discussion virtuels pour entendre directement notre communaut\u00e9.","robots":{"index":"index","follow":"follow","max-snippet":"max-snippet:-1","max-image-preview":"max-image-preview:large","max-video-preview":"max-video-preview:-1"},"canonical":"https:\/\/www.braintumour.ca\/fr\/focus-groups\/","og_locale":"fr_CA","og_type":"article","og_title":"Groupes de discussion","og_description":"Dans le cadre de l\u2019\u00e9laboration de notre plan strat\u00e9gique 2026\u20132029, la Fondation canadienne des tumeurs c\u00e9r\u00e9brales organisera une s\u00e9rie de groupes de discussion virtuels pour entendre directement notre communaut\u00e9.","og_url":"https:\/\/www.braintumour.ca\/fr\/focus-groups\/","og_site_name":"Fondation canadienne des tumeurs c\u00e9r\u00e9brales","article_modified_time":"2025-06-27T00:14:47+00:00","og_image":[{"width":1440,"height":600,"url":"https:\/\/www.braintumour.ca\/wp-content\/uploads\/2025\/05\/Focus-group-banner.png","type":"image\/png"}],"twitter_card":"summary_large_image","twitter_misc":{"Estimation du temps de lecture":"2 minutes"},"schema":{"@context":"https:\/\/schema.org","@graph":[{"@type":"WebPage","@id":"https:\/\/www.braintumour.ca\/fr\/focus-groups\/","url":"https:\/\/www.braintumour.ca\/fr\/focus-groups\/","name":"Groupes de discussion - Fondation canadienne des tumeurs c\u00e9r\u00e9brales","isPartOf":{"@id":"https:\/\/www.braintumour.ca\/fr\/#website"},"primaryImageOfPage":{"@id":"https:\/\/www.braintumour.ca\/fr\/focus-groups\/#primaryimage"},"image":{"@id":"https:\/\/www.braintumour.ca\/fr\/focus-groups\/#primaryimage"},"thumbnailUrl":"https:\/\/www.braintumour.ca\/wp-content\/uploads\/2025\/05\/Focus-group-banner.png","datePublished":"2025-05-09T14:13:39+00:00","dateModified":"2025-06-27T00:14:47+00:00","description":"Dans le cadre de l\u2019\u00e9laboration de notre plan strat\u00e9gique 2026\u20132029, la Fondation canadienne des tumeurs c\u00e9r\u00e9brales organisera une s\u00e9rie de groupes de discussion virtuels pour entendre directement notre communaut\u00e9.","breadcrumb":{"@id":"https:\/\/www.braintumour.ca\/fr\/focus-groups\/#breadcrumb"},"inLanguage":"fr-CA","potentialAction":[{"@type":"ReadAction","target":["https:\/\/www.braintumour.ca\/fr\/focus-groups\/"]}]},{"@type":"ImageObject","inLanguage":"fr-CA","@id":"https:\/\/www.braintumour.ca\/fr\/focus-groups\/#primaryimage","url":"https:\/\/www.braintumour.ca\/wp-content\/uploads\/2025\/05\/Focus-group-banner.png","contentUrl":"https:\/\/www.braintumour.ca\/wp-content\/uploads\/2025\/05\/Focus-group-banner.png","width":1440,"height":600},{"@type":"BreadcrumbList","@id":"https:\/\/www.braintumour.ca\/fr\/focus-groups\/#breadcrumb","itemListElement":[{"@type":"ListItem","position":1,"name":"Home","item":"https:\/\/www.braintumour.ca\/fr\/"},{"@type":"ListItem","position":2,"name":"Groupes de discussion"}]},{"@type":"WebSite","@id":"https:\/\/www.braintumour.ca\/fr\/#website","url":"https:\/\/www.braintumour.ca\/fr\/","name":"Fondation canadienne des tumeurs c\u00e9r\u00e9brales","description":"Notre mission est de venir en aide \u00e0 toutes les personnes touch\u00e9es par une tumeur c\u00e9r\u00e9brale au Canada par le biais de nos programmes d\u2019information, de soutien, d\u2019\u00e9ducation et de recherche.","potentialAction":[{"@type":"SearchAction","target":{"@type":"EntryPoint","urlTemplate":"https:\/\/www.braintumour.ca\/fr\/?s={search_term_string}"},"query-input":{"@type":"PropertyValueSpecification","valueRequired":true,"valueName":"search_term_string"}}],"inLanguage":"fr-CA"}]}},"_links":{"self":[{"href":"https:\/\/www.braintumour.ca\/fr\/wp-json\/wp\/v2\/pages\/13387","targetHints":{"allow":["GET"]}}],"collection":[{"href":"https:\/\/www.braintumour.ca\/fr\/wp-json\/wp\/v2\/pages"}],"about":[{"href":"https:\/\/www.braintumour.ca\/fr\/wp-json\/wp\/v2\/types\/page"}],"author":[{"embeddable":true,"href":"https:\/\/www.braintumour.ca\/fr\/wp-json\/wp\/v2\/users\/4"}],"replies":[{"embeddable":true,"href":"https:\/\/www.braintumour.ca\/fr\/wp-json\/wp\/v2\/comments?post=13387"}],"version-history":[{"count":0,"href":"https:\/\/www.braintumour.ca\/fr\/wp-json\/wp\/v2\/pages\/13387\/revisions"}],"wp:featuredmedia":[{"embeddable":true,"href":"https:\/\/www.braintumour.ca\/fr\/wp-json\/wp\/v2\/media\/13362"}],"wp:attachment":[{"href":"https:\/\/www.braintumour.ca\/fr\/wp-json\/wp\/v2\/media?parent=13387"}],"wp:term":[{"taxonomy":"user_type","embeddable":true,"href":"https:\/\/www.braintumour.ca\/fr\/wp-json\/wp\/v2\/user_type?post=13387"}],"curies":[{"name":"wp","href":"https:\/\/api.w.org\/{rel}","templated":true}]}}

<!-- This site is optimized with the Yoast SEO Premium plugin v27.0 (Yoast SEO v27.0) - https://yoast.com/product/yoast-seo-premium-wordpress/ -->
<title>Groupes de discussion - Fondation canadienne des tumeurs cérébrales</title>
<meta name="description" content="Dans le cadre de l’élaboration de notre plan stratégique 2026–2029, la Fondation canadienne des tumeurs cérébrales organisera une série de groupes de discussion virtuels pour entendre directement notre communauté." />
<meta name="robots" content="index, follow, max-snippet:-1, max-image-preview:large, max-video-preview:-1" />
<link rel="canonical" href="https://www.braintumour.ca/fr/focus-groups/" />
<meta property="og:locale" content="fr_CA" />
<meta property="og:type" content="article" />
<meta property="og:title" content="Groupes de discussion" />
<meta property="og:description" content="Dans le cadre de l’élaboration de notre plan stratégique 2026–2029, la Fondation canadienne des tumeurs cérébrales organisera une série de groupes de discussion virtuels pour entendre directement notre communauté." />
<meta property="og:url" content="https://www.braintumour.ca/fr/focus-groups/" />
<meta property="og:site_name" content="Fondation canadienne des tumeurs cérébrales" />
<meta property="article:modified_time" content="2025-06-27T00:14:47+00:00" />
<meta property="og:image" content="https://www.braintumour.ca/wp-content/uploads/2025/05/Focus-group-banner.png" />
	<meta property="og:image:width" content="1440" />
	<meta property="og:image:height" content="600" />
	<meta property="og:image:type" content="image/png" />
<meta name="twitter:card" content="summary_large_image" />
<meta name="twitter:label1" content="Estimation du temps de lecture" />
	<meta name="twitter:data1" content="2 minutes" />
<script type="application/ld+json" class="yoast-schema-graph">{"@context":"https://schema.org","@graph":[{"@type":"WebPage","@id":"https://www.braintumour.ca/fr/focus-groups/","url":"https://www.braintumour.ca/fr/focus-groups/","name":"Groupes de discussion - Fondation canadienne des tumeurs cérébrales","isPartOf":{"@id":"https://www.braintumour.ca/fr/#website"},"primaryImageOfPage":{"@id":"https://www.braintumour.ca/fr/focus-groups/#primaryimage"},"image":{"@id":"https://www.braintumour.ca/fr/focus-groups/#primaryimage"},"thumbnailUrl":"https://www.braintumour.ca/wp-content/uploads/2025/05/Focus-group-banner.png","datePublished":"2025-05-09T14:13:39+00:00","dateModified":"2025-06-27T00:14:47+00:00","description":"Dans le cadre de l’élaboration de notre plan stratégique 2026–2029, la Fondation canadienne des tumeurs cérébrales organisera une série de groupes de discussion virtuels pour entendre directement notre communauté.","breadcrumb":{"@id":"https://www.braintumour.ca/fr/focus-groups/#breadcrumb"},"inLanguage":"fr-CA","potentialAction":[{"@type":"ReadAction","target":["https://www.braintumour.ca/fr/focus-groups/"]}]},{"@type":"ImageObject","inLanguage":"fr-CA","@id":"https://www.braintumour.ca/fr/focus-groups/#primaryimage","url":"https://www.braintumour.ca/wp-content/uploads/2025/05/Focus-group-banner.png","contentUrl":"https://www.braintumour.ca/wp-content/uploads/2025/05/Focus-group-banner.png","width":1440,"height":600},{"@type":"BreadcrumbList","@id":"https://www.braintumour.ca/fr/focus-groups/#breadcrumb","itemListElement":[{"@type":"ListItem","position":1,"name":"Home","item":"https://www.braintumour.ca/fr/"},{"@type":"ListItem","position":2,"name":"Groupes de discussion"}]},{"@type":"WebSite","@id":"https://www.braintumour.ca/fr/#website","url":"https://www.braintumour.ca/fr/","name":"Fondation canadienne des tumeurs cérébrales","description":"Notre mission est de venir en aide à toutes les personnes touchées par une tumeur cérébrale au Canada par le biais de nos programmes d’information, de soutien, d’éducation et de recherche.","potentialAction":[{"@type":"SearchAction","target":{"@type":"EntryPoint","urlTemplate":"https://www.braintumour.ca/fr/?s={search_term_string}"},"query-input":{"@type":"PropertyValueSpecification","valueRequired":true,"valueName":"search_term_string"}}],"inLanguage":"fr-CA"}]}</script>
<!-- / Yoast SEO Premium plugin. -->

Groupes de discussion - Fondation canadienne des tumeurs cérébrales

Dans le cadre de l’élaboration de notre plan stratégique 2026–2029, la Fondation canadienne des tumeurs cérébrales organisera une série de groupes de discussion virtuels pour entendre directement notre communauté.

Fondation canadienne des tumeurs cérébrales

Notre mission est de venir en aide à toutes les personnes touchées par une tumeur cérébrale au Canada par le biais de nos programmes d’information, de soutien, d’éducation et de recherche.
