{"id":2511,"date":"2019-11-19T17:25:09","date_gmt":"2019-11-19T22:25:09","guid":{"rendered":"https:\/\/braintumour.ca\/?page_id=2511"},"modified":"2024-11-09T08:03:50","modified_gmt":"2024-11-09T13:03:50","slug":"groupes-de-soutien-fermes-facebook","status":"publish","type":"page","link":"https:\/\/www.braintumour.ca\/fr\/soutien\/groupes-de-soutien-fermes-facebook\/","title":{"rendered":"Groupes de soutien ferm\u00e9s Facebook"},"content":{"rendered":"<h5>Nos groupes de soutien ferm\u00e9s Facebook vous permettent d\u2019acc\u00e9der aux membres de la communaut\u00e9 des tumeurs c\u00e9r\u00e9brales dans un environnement bienveillant, 24 heures sur 24 et 7 jours sur 7. Bien que les groupes soient toujours accessibles en ligne, veuillez noter qu&rsquo;ils ne sont surveill\u00e9s par le personnel de la Fondation canadienne des tumeurs c\u00e9r\u00e9brales (FCTC) que pendant les heures ouvrables r\u00e9guli\u00e8res (du lundi au vendredi de 8 h 30 \u00e0 16 h 30, heure de l&rsquo;Est). <\/h5>\n","protected":false},"excerpt":{"rendered":"<p>Nos groupes de soutien ferm\u00e9s Facebook vous permettent d\u2019acc\u00e9der aux membres de la communaut\u00e9 des tumeurs c\u00e9r\u00e9brales dans un environnement [&hellip;]<\/p>\n","protected":false},"author":6,"featured_media":1601,"parent":2325,"menu_order":5,"comment_status":"closed","ping_status":"closed","template":"","meta":{"_acf_changed":false,"footnotes":""},"user_type":[133,132],"class_list":["post-2511","page","type-page","status-publish","has-post-thumbnail","hentry","user_type-patient-fr","user_type-proche-aidant"],"acf":[],"yoast_head":"<!-- This site is optimized with the Yoast SEO Premium plugin v27.0 (Yoast SEO v27.0) - https:\/\/yoast.com\/product\/yoast-seo-premium-wordpress\/ -->\n<title>Groupes de soutien ferm\u00e9s Facebook - Fondation canadienne des tumeurs c\u00e9r\u00e9brales<\/title>\n<meta name=\"description\" content=\"Groupes de soutien ferm\u00e9 Facebook pour personnes touch\u00e9es par une tumeur c\u00e9r\u00e9brale incluant les patients, les survivants et leurs proches.\" \/>\n<meta name=\"robots\" content=\"index, follow, max-snippet:-1, max-image-preview:large, max-video-preview:-1\" \/>\n<link rel=\"canonical\" href=\"https:\/\/www.braintumour.ca\/fr\/soutien\/groupes-de-soutien-fermes-facebook\/\" \/>\n<meta property=\"og:locale\" content=\"fr_CA\" \/>\n<meta property=\"og:type\" content=\"article\" \/>\n<meta property=\"og:title\" content=\"Groupes de soutien ferm\u00e9s Facebook\" \/>\n<meta property=\"og:description\" content=\"Groupes de soutien ferm\u00e9 Facebook pour personnes touch\u00e9es par une tumeur c\u00e9r\u00e9brale incluant les patients, les survivants et leurs proches.\" \/>\n<meta property=\"og:url\" content=\"https:\/\/www.braintumour.ca\/fr\/soutien\/groupes-de-soutien-fermes-facebook\/\" \/>\n<meta property=\"og:site_name\" content=\"Fondation canadienne des tumeurs c\u00e9r\u00e9brales\" \/>\n<meta property=\"article:modified_time\" content=\"2024-11-09T13:03:50+00:00\" \/>\n<meta property=\"og:image\" content=\"https:\/\/www.braintumour.ca\/wp-content\/uploads\/2019\/10\/smartphone-1894723_1920.jpg\" \/>\n\t<meta property=\"og:image:width\" content=\"1920\" \/>\n\t<meta property=\"og:image:height\" content=\"1280\" \/>\n\t<meta property=\"og:image:type\" content=\"image\/jpeg\" \/>\n<meta name=\"twitter:card\" content=\"summary_large_image\" \/>\n<meta name=\"twitter:label1\" content=\"Estimation du temps de lecture\" \/>\n\t<meta name=\"twitter:data1\" content=\"5 minutes\" \/>\n<script type=\"application\/ld+json\" class=\"yoast-schema-graph\">{\"@context\":\"https:\/\/schema.org\",\"@graph\":[{\"@type\":\"WebPage\",\"@id\":\"https:\/\/www.braintumour.ca\/fr\/soutien\/groupes-de-soutien-fermes-facebook\/\",\"url\":\"https:\/\/www.braintumour.ca\/fr\/soutien\/groupes-de-soutien-fermes-facebook\/\",\"name\":\"Groupes de soutien ferm\u00e9s Facebook - Fondation canadienne des tumeurs c\u00e9r\u00e9brales\",\"isPartOf\":{\"@id\":\"https:\/\/www.braintumour.ca\/fr\/#website\"},\"primaryImageOfPage\":{\"@id\":\"https:\/\/www.braintumour.ca\/fr\/soutien\/groupes-de-soutien-fermes-facebook\/#primaryimage\"},\"image\":{\"@id\":\"https:\/\/www.braintumour.ca\/fr\/soutien\/groupes-de-soutien-fermes-facebook\/#primaryimage\"},\"thumbnailUrl\":\"https:\/\/www.braintumour.ca\/wp-content\/uploads\/2019\/10\/smartphone-1894723_1920.jpg\",\"datePublished\":\"2019-11-19T22:25:09+00:00\",\"dateModified\":\"2024-11-09T13:03:50+00:00\",\"description\":\"Groupes de soutien ferm\u00e9 Facebook pour personnes touch\u00e9es par une tumeur c\u00e9r\u00e9brale incluant les patients, les survivants et leurs proches.\",\"breadcrumb\":{\"@id\":\"https:\/\/www.braintumour.ca\/fr\/soutien\/groupes-de-soutien-fermes-facebook\/#breadcrumb\"},\"inLanguage\":\"fr-CA\",\"potentialAction\":[{\"@type\":\"ReadAction\",\"target\":[\"https:\/\/www.braintumour.ca\/fr\/soutien\/groupes-de-soutien-fermes-facebook\/\"]}]},{\"@type\":\"ImageObject\",\"inLanguage\":\"fr-CA\",\"@id\":\"https:\/\/www.braintumour.ca\/fr\/soutien\/groupes-de-soutien-fermes-facebook\/#primaryimage\",\"url\":\"https:\/\/www.braintumour.ca\/wp-content\/uploads\/2019\/10\/smartphone-1894723_1920.jpg\",\"contentUrl\":\"https:\/\/www.braintumour.ca\/wp-content\/uploads\/2019\/10\/smartphone-1894723_1920.jpg\",\"width\":1920,\"height\":1280},{\"@type\":\"BreadcrumbList\",\"@id\":\"https:\/\/www.braintumour.ca\/fr\/soutien\/groupes-de-soutien-fermes-facebook\/#breadcrumb\",\"itemListElement\":[{\"@type\":\"ListItem\",\"position\":1,\"name\":\"Home\",\"item\":\"https:\/\/www.braintumour.ca\/fr\/\"},{\"@type\":\"ListItem\",\"position\":2,\"name\":\"Soins et soutien\",\"item\":\"https:\/\/www.braintumour.ca\/fr\/soutien\/\"},{\"@type\":\"ListItem\",\"position\":3,\"name\":\"Groupes de soutien ferm\u00e9s Facebook\"}]},{\"@type\":\"WebSite\",\"@id\":\"https:\/\/www.braintumour.ca\/fr\/#website\",\"url\":\"https:\/\/www.braintumour.ca\/fr\/\",\"name\":\"Fondation canadienne des tumeurs c\u00e9r\u00e9brales\",\"description\":\"Notre mission est de venir en aide \u00e0 toutes les personnes touch\u00e9es par une tumeur c\u00e9r\u00e9brale au Canada par le biais de nos programmes d\u2019information, de soutien, d\u2019\u00e9ducation et de recherche.\",\"potentialAction\":[{\"@type\":\"SearchAction\",\"target\":{\"@type\":\"EntryPoint\",\"urlTemplate\":\"https:\/\/www.braintumour.ca\/fr\/?s={search_term_string}\"},\"query-input\":{\"@type\":\"PropertyValueSpecification\",\"valueRequired\":true,\"valueName\":\"search_term_string\"}}],\"inLanguage\":\"fr-CA\"}]}<\/script>\n<!-- \/ Yoast SEO Premium plugin. -->","yoast_head_json":{"title":"Groupes de soutien ferm\u00e9s Facebook - Fondation canadienne des tumeurs c\u00e9r\u00e9brales","description":"Groupes de soutien ferm\u00e9 Facebook pour personnes touch\u00e9es par une tumeur c\u00e9r\u00e9brale incluant les patients, les survivants et leurs proches.","robots":{"index":"index","follow":"follow","max-snippet":"max-snippet:-1","max-image-preview":"max-image-preview:large","max-video-preview":"max-video-preview:-1"},"canonical":"https:\/\/www.braintumour.ca\/fr\/soutien\/groupes-de-soutien-fermes-facebook\/","og_locale":"fr_CA","og_type":"article","og_title":"Groupes de soutien ferm\u00e9s Facebook","og_description":"Groupes de soutien ferm\u00e9 Facebook pour personnes touch\u00e9es par une tumeur c\u00e9r\u00e9brale incluant les patients, les survivants et leurs proches.","og_url":"https:\/\/www.braintumour.ca\/fr\/soutien\/groupes-de-soutien-fermes-facebook\/","og_site_name":"Fondation canadienne des tumeurs c\u00e9r\u00e9brales","article_modified_time":"2024-11-09T13:03:50+00:00","og_image":[{"width":1920,"height":1280,"url":"https:\/\/www.braintumour.ca\/wp-content\/uploads\/2019\/10\/smartphone-1894723_1920.jpg","type":"image\/jpeg"}],"twitter_card":"summary_large_image","twitter_misc":{"Estimation du temps de lecture":"5 minutes"},"schema":{"@context":"https:\/\/schema.org","@graph":[{"@type":"WebPage","@id":"https:\/\/www.braintumour.ca\/fr\/soutien\/groupes-de-soutien-fermes-facebook\/","url":"https:\/\/www.braintumour.ca\/fr\/soutien\/groupes-de-soutien-fermes-facebook\/","name":"Groupes de soutien ferm\u00e9s Facebook - Fondation canadienne des tumeurs c\u00e9r\u00e9brales","isPartOf":{"@id":"https:\/\/www.braintumour.ca\/fr\/#website"},"primaryImageOfPage":{"@id":"https:\/\/www.braintumour.ca\/fr\/soutien\/groupes-de-soutien-fermes-facebook\/#primaryimage"},"image":{"@id":"https:\/\/www.braintumour.ca\/fr\/soutien\/groupes-de-soutien-fermes-facebook\/#primaryimage"},"thumbnailUrl":"https:\/\/www.braintumour.ca\/wp-content\/uploads\/2019\/10\/smartphone-1894723_1920.jpg","datePublished":"2019-11-19T22:25:09+00:00","dateModified":"2024-11-09T13:03:50+00:00","description":"Groupes de soutien ferm\u00e9 Facebook pour personnes touch\u00e9es par une tumeur c\u00e9r\u00e9brale incluant les patients, les survivants et leurs proches.","breadcrumb":{"@id":"https:\/\/www.braintumour.ca\/fr\/soutien\/groupes-de-soutien-fermes-facebook\/#breadcrumb"},"inLanguage":"fr-CA","potentialAction":[{"@type":"ReadAction","target":["https:\/\/www.braintumour.ca\/fr\/soutien\/groupes-de-soutien-fermes-facebook\/"]}]},{"@type":"ImageObject","inLanguage":"fr-CA","@id":"https:\/\/www.braintumour.ca\/fr\/soutien\/groupes-de-soutien-fermes-facebook\/#primaryimage","url":"https:\/\/www.braintumour.ca\/wp-content\/uploads\/2019\/10\/smartphone-1894723_1920.jpg","contentUrl":"https:\/\/www.braintumour.ca\/wp-content\/uploads\/2019\/10\/smartphone-1894723_1920.jpg","width":1920,"height":1280},{"@type":"BreadcrumbList","@id":"https:\/\/www.braintumour.ca\/fr\/soutien\/groupes-de-soutien-fermes-facebook\/#breadcrumb","itemListElement":[{"@type":"ListItem","position":1,"name":"Home","item":"https:\/\/www.braintumour.ca\/fr\/"},{"@type":"ListItem","position":2,"name":"Soins et soutien","item":"https:\/\/www.braintumour.ca\/fr\/soutien\/"},{"@type":"ListItem","position":3,"name":"Groupes de soutien ferm\u00e9s Facebook"}]},{"@type":"WebSite","@id":"https:\/\/www.braintumour.ca\/fr\/#website","url":"https:\/\/www.braintumour.ca\/fr\/","name":"Fondation canadienne des tumeurs c\u00e9r\u00e9brales","description":"Notre mission est de venir en aide \u00e0 toutes les personnes touch\u00e9es par une tumeur c\u00e9r\u00e9brale au Canada par le biais de nos programmes d\u2019information, de soutien, d\u2019\u00e9ducation et de recherche.","potentialAction":[{"@type":"SearchAction","target":{"@type":"EntryPoint","urlTemplate":"https:\/\/www.braintumour.ca\/fr\/?s={search_term_string}"},"query-input":{"@type":"PropertyValueSpecification","valueRequired":true,"valueName":"search_term_string"}}],"inLanguage":"fr-CA"}]}},"_links":{"self":[{"href":"https:\/\/www.braintumour.ca\/fr\/wp-json\/wp\/v2\/pages\/2511","targetHints":{"allow":["GET"]}}],"collection":[{"href":"https:\/\/www.braintumour.ca\/fr\/wp-json\/wp\/v2\/pages"}],"about":[{"href":"https:\/\/www.braintumour.ca\/fr\/wp-json\/wp\/v2\/types\/page"}],"author":[{"embeddable":true,"href":"https:\/\/www.braintumour.ca\/fr\/wp-json\/wp\/v2\/users\/6"}],"replies":[{"embeddable":true,"href":"https:\/\/www.braintumour.ca\/fr\/wp-json\/wp\/v2\/comments?post=2511"}],"version-history":[{"count":0,"href":"https:\/\/www.braintumour.ca\/fr\/wp-json\/wp\/v2\/pages\/2511\/revisions"}],"up":[{"embeddable":true,"href":"https:\/\/www.braintumour.ca\/fr\/wp-json\/wp\/v2\/pages\/2325"}],"wp:featuredmedia":[{"embeddable":true,"href":"https:\/\/www.braintumour.ca\/fr\/wp-json\/wp\/v2\/media\/1601"}],"wp:attachment":[{"href":"https:\/\/www.braintumour.ca\/fr\/wp-json\/wp\/v2\/media?parent=2511"}],"wp:term":[{"taxonomy":"user_type","embeddable":true,"href":"https:\/\/www.braintumour.ca\/fr\/wp-json\/wp\/v2\/user_type?post=2511"}],"curies":[{"name":"wp","href":"https:\/\/api.w.org\/{rel}","templated":true}]}}

Groupes de soutien fermés Facebook

<h5>Nos groupes de soutien fermés Facebook vous permettent d’accéder aux membres de la communauté des tumeurs cérébrales dans un environnement bienveillant, 24 heures sur 24 et 7 jours sur 7. Bien que les groupes soient toujours accessibles en ligne, veuillez noter qu&rsquo;ils ne sont surveillés par le personnel de la Fondation canadienne des tumeurs cérébrales (FCTC) que pendant les heures ouvrables régulières (du lundi au vendredi de 8 h 30 à 16 h 30, heure de l&rsquo;Est). </h5>

<p>Nos groupes de soutien fermés Facebook vous permettent d’accéder aux membres de la communauté des tumeurs cérébrales dans un environnement [&hellip;]</p>

<!-- This site is optimized with the Yoast SEO Premium plugin v27.0 (Yoast SEO v27.0) - https://yoast.com/product/yoast-seo-premium-wordpress/ -->
<title>Groupes de soutien fermés Facebook - Fondation canadienne des tumeurs cérébrales</title>
<meta name="description" content="Groupes de soutien fermé Facebook pour personnes touchées par une tumeur cérébrale incluant les patients, les survivants et leurs proches." />
<meta name="robots" content="index, follow, max-snippet:-1, max-image-preview:large, max-video-preview:-1" />
<link rel="canonical" href="https://www.braintumour.ca/fr/soutien/groupes-de-soutien-fermes-facebook/" />
<meta property="og:locale" content="fr_CA" />
<meta property="og:type" content="article" />
<meta property="og:title" content="Groupes de soutien fermés Facebook" />
<meta property="og:description" content="Groupes de soutien fermé Facebook pour personnes touchées par une tumeur cérébrale incluant les patients, les survivants et leurs proches." />
<meta property="og:url" content="https://www.braintumour.ca/fr/soutien/groupes-de-soutien-fermes-facebook/" />
<meta property="og:site_name" content="Fondation canadienne des tumeurs cérébrales" />
<meta property="article:modified_time" content="2024-11-09T13:03:50+00:00" />
<meta property="og:image" content="https://www.braintumour.ca/wp-content/uploads/2019/10/smartphone-1894723_1920.jpg" />
	<meta property="og:image:width" content="1920" />
	<meta property="og:image:height" content="1280" />
	<meta property="og:image:type" content="image/jpeg" />
<meta name="twitter:card" content="summary_large_image" />
<meta name="twitter:label1" content="Estimation du temps de lecture" />
	<meta name="twitter:data1" content="5 minutes" />
<script type="application/ld+json" class="yoast-schema-graph">{"@context":"https://schema.org","@graph":[{"@type":"WebPage","@id":"https://www.braintumour.ca/fr/soutien/groupes-de-soutien-fermes-facebook/","url":"https://www.braintumour.ca/fr/soutien/groupes-de-soutien-fermes-facebook/","name":"Groupes de soutien fermés Facebook - Fondation canadienne des tumeurs cérébrales","isPartOf":{"@id":"https://www.braintumour.ca/fr/#website"},"primaryImageOfPage":{"@id":"https://www.braintumour.ca/fr/soutien/groupes-de-soutien-fermes-facebook/#primaryimage"},"image":{"@id":"https://www.braintumour.ca/fr/soutien/groupes-de-soutien-fermes-facebook/#primaryimage"},"thumbnailUrl":"https://www.braintumour.ca/wp-content/uploads/2019/10/smartphone-1894723_1920.jpg","datePublished":"2019-11-19T22:25:09+00:00","dateModified":"2024-11-09T13:03:50+00:00","description":"Groupes de soutien fermé Facebook pour personnes touchées par une tumeur cérébrale incluant les patients, les survivants et leurs proches.","breadcrumb":{"@id":"https://www.braintumour.ca/fr/soutien/groupes-de-soutien-fermes-facebook/#breadcrumb"},"inLanguage":"fr-CA","potentialAction":[{"@type":"ReadAction","target":["https://www.braintumour.ca/fr/soutien/groupes-de-soutien-fermes-facebook/"]}]},{"@type":"ImageObject","inLanguage":"fr-CA","@id":"https://www.braintumour.ca/fr/soutien/groupes-de-soutien-fermes-facebook/#primaryimage","url":"https://www.braintumour.ca/wp-content/uploads/2019/10/smartphone-1894723_1920.jpg","contentUrl":"https://www.braintumour.ca/wp-content/uploads/2019/10/smartphone-1894723_1920.jpg","width":1920,"height":1280},{"@type":"BreadcrumbList","@id":"https://www.braintumour.ca/fr/soutien/groupes-de-soutien-fermes-facebook/#breadcrumb","itemListElement":[{"@type":"ListItem","position":1,"name":"Home","item":"https://www.braintumour.ca/fr/"},{"@type":"ListItem","position":2,"name":"Soins et soutien","item":"https://www.braintumour.ca/fr/soutien/"},{"@type":"ListItem","position":3,"name":"Groupes de soutien fermés Facebook"}]},{"@type":"WebSite","@id":"https://www.braintumour.ca/fr/#website","url":"https://www.braintumour.ca/fr/","name":"Fondation canadienne des tumeurs cérébrales","description":"Notre mission est de venir en aide à toutes les personnes touchées par une tumeur cérébrale au Canada par le biais de nos programmes d’information, de soutien, d’éducation et de recherche.","potentialAction":[{"@type":"SearchAction","target":{"@type":"EntryPoint","urlTemplate":"https://www.braintumour.ca/fr/?s={search_term_string}"},"query-input":{"@type":"PropertyValueSpecification","valueRequired":true,"valueName":"search_term_string"}}],"inLanguage":"fr-CA"}]}</script>
<!-- / Yoast SEO Premium plugin. -->

Groupes de soutien fermés Facebook - Fondation canadienne des tumeurs cérébrales

Groupes de soutien fermé Facebook pour personnes touchées par une tumeur cérébrale incluant les patients, les survivants et leurs proches.

Fondation canadienne des tumeurs cérébrales

Notre mission est de venir en aide à toutes les personnes touchées par une tumeur cérébrale au Canada par le biais de nos programmes d’information, de soutien, d’éducation et de recherche.
