{"id":3891,"date":"2019-12-19T08:52:46","date_gmt":"2019-12-19T13:52:46","guid":{"rendered":"https:\/\/www.braintumour.ca\/wig-and-hair\/"},"modified":"2022-03-09T14:04:24","modified_gmt":"2022-03-09T19:04:24","slug":"perruques-et-cheveux","status":"publish","type":"page","link":"https:\/\/www.braintumour.ca\/fr\/perruques-et-cheveux\/","title":{"rendered":"Perruques et cheveux"},"content":{"rendered":"<p>Que vous cherchiez une perruque ou que vous souhaitiez faire don de vos cheveux, n&rsquo;oubliez pas de tenir compte des \u00e9l\u00e9ments suivants<\/p>\n","protected":false},"excerpt":{"rendered":"<p>Que vous cherchiez une perruque ou que vous souhaitiez faire don de vos cheveux, n&rsquo;oubliez pas de tenir compte des [&hellip;]<\/p>\n","protected":false},"author":4,"featured_media":3158,"parent":0,"menu_order":135,"comment_status":"closed","ping_status":"closed","template":"","meta":{"_acf_changed":false,"footnotes":""},"user_type":[],"class_list":["post-3891","page","type-page","status-publish","has-post-thumbnail","hentry"],"acf":[],"yoast_head":"<!-- This site is optimized with the Yoast SEO Premium plugin v27.0 (Yoast SEO v27.0) - https:\/\/yoast.com\/product\/yoast-seo-premium-wordpress\/ -->\n<title>Perruques et cheveux - Fondation canadienne des tumeurs c\u00e9r\u00e9brales<\/title>\n<meta name=\"description\" content=\"Que vous cherchiez une perruque ou que vous souhaitiez faire don de vos cheveux, n&#039;oubliez pas de tenir compte des \u00e9l\u00e9ments suivants\" \/>\n<meta name=\"robots\" content=\"index, follow, max-snippet:-1, max-image-preview:large, max-video-preview:-1\" \/>\n<link rel=\"canonical\" href=\"https:\/\/www.braintumour.ca\/fr\/perruques-et-cheveux\/\" \/>\n<meta property=\"og:locale\" content=\"fr_CA\" \/>\n<meta property=\"og:type\" content=\"article\" \/>\n<meta property=\"og:title\" content=\"Perruques et cheveux\" \/>\n<meta property=\"og:description\" content=\"Que vous cherchiez une perruque ou que vous souhaitiez faire don de vos cheveux, n&#039;oubliez pas de tenir compte des \u00e9l\u00e9ments suivants\" \/>\n<meta property=\"og:url\" content=\"https:\/\/www.braintumour.ca\/fr\/perruques-et-cheveux\/\" \/>\n<meta property=\"og:site_name\" content=\"Fondation canadienne des tumeurs c\u00e9r\u00e9brales\" \/>\n<meta property=\"article:modified_time\" content=\"2022-03-09T19:04:24+00:00\" \/>\n<meta property=\"og:image\" content=\"https:\/\/www.braintumour.ca\/wp-content\/uploads\/2019\/12\/girl-1037995_1920.jpg\" \/>\n\t<meta property=\"og:image:width\" content=\"1920\" \/>\n\t<meta property=\"og:image:height\" content=\"1419\" \/>\n\t<meta property=\"og:image:type\" content=\"image\/jpeg\" \/>\n<meta name=\"twitter:card\" content=\"summary_large_image\" \/>\n<script type=\"application\/ld+json\" class=\"yoast-schema-graph\">{\"@context\":\"https:\/\/schema.org\",\"@graph\":[{\"@type\":\"WebPage\",\"@id\":\"https:\/\/www.braintumour.ca\/fr\/perruques-et-cheveux\/\",\"url\":\"https:\/\/www.braintumour.ca\/fr\/perruques-et-cheveux\/\",\"name\":\"Perruques et cheveux - Fondation canadienne des tumeurs c\u00e9r\u00e9brales\",\"isPartOf\":{\"@id\":\"https:\/\/www.braintumour.ca\/fr\/#website\"},\"primaryImageOfPage\":{\"@id\":\"https:\/\/www.braintumour.ca\/fr\/perruques-et-cheveux\/#primaryimage\"},\"image\":{\"@id\":\"https:\/\/www.braintumour.ca\/fr\/perruques-et-cheveux\/#primaryimage\"},\"thumbnailUrl\":\"https:\/\/www.braintumour.ca\/wp-content\/uploads\/2019\/12\/girl-1037995_1920.jpg\",\"datePublished\":\"2019-12-19T13:52:46+00:00\",\"dateModified\":\"2022-03-09T19:04:24+00:00\",\"description\":\"Que vous cherchiez une perruque ou que vous souhaitiez faire don de vos cheveux, n'oubliez pas de tenir compte des \u00e9l\u00e9ments suivants\",\"breadcrumb\":{\"@id\":\"https:\/\/www.braintumour.ca\/fr\/perruques-et-cheveux\/#breadcrumb\"},\"inLanguage\":\"fr-CA\",\"potentialAction\":[{\"@type\":\"ReadAction\",\"target\":[\"https:\/\/www.braintumour.ca\/fr\/perruques-et-cheveux\/\"]}]},{\"@type\":\"ImageObject\",\"inLanguage\":\"fr-CA\",\"@id\":\"https:\/\/www.braintumour.ca\/fr\/perruques-et-cheveux\/#primaryimage\",\"url\":\"https:\/\/www.braintumour.ca\/wp-content\/uploads\/2019\/12\/girl-1037995_1920.jpg\",\"contentUrl\":\"https:\/\/www.braintumour.ca\/wp-content\/uploads\/2019\/12\/girl-1037995_1920.jpg\",\"width\":1920,\"height\":1419,\"caption\":\"girl with orange wig\"},{\"@type\":\"BreadcrumbList\",\"@id\":\"https:\/\/www.braintumour.ca\/fr\/perruques-et-cheveux\/#breadcrumb\",\"itemListElement\":[{\"@type\":\"ListItem\",\"position\":1,\"name\":\"Home\",\"item\":\"https:\/\/www.braintumour.ca\/fr\/\"},{\"@type\":\"ListItem\",\"position\":2,\"name\":\"Perruques et cheveux\"}]},{\"@type\":\"WebSite\",\"@id\":\"https:\/\/www.braintumour.ca\/fr\/#website\",\"url\":\"https:\/\/www.braintumour.ca\/fr\/\",\"name\":\"Fondation canadienne des tumeurs c\u00e9r\u00e9brales\",\"description\":\"Notre mission est de venir en aide \u00e0 toutes les personnes touch\u00e9es par une tumeur c\u00e9r\u00e9brale au Canada par le biais de nos programmes d\u2019information, de soutien, d\u2019\u00e9ducation et de recherche.\",\"potentialAction\":[{\"@type\":\"SearchAction\",\"target\":{\"@type\":\"EntryPoint\",\"urlTemplate\":\"https:\/\/www.braintumour.ca\/fr\/?s={search_term_string}\"},\"query-input\":{\"@type\":\"PropertyValueSpecification\",\"valueRequired\":true,\"valueName\":\"search_term_string\"}}],\"inLanguage\":\"fr-CA\"}]}<\/script>\n<!-- \/ Yoast SEO Premium plugin. -->","yoast_head_json":{"title":"Perruques et cheveux - Fondation canadienne des tumeurs c\u00e9r\u00e9brales","description":"Que vous cherchiez une perruque ou que vous souhaitiez faire don de vos cheveux, n'oubliez pas de tenir compte des \u00e9l\u00e9ments suivants","robots":{"index":"index","follow":"follow","max-snippet":"max-snippet:-1","max-image-preview":"max-image-preview:large","max-video-preview":"max-video-preview:-1"},"canonical":"https:\/\/www.braintumour.ca\/fr\/perruques-et-cheveux\/","og_locale":"fr_CA","og_type":"article","og_title":"Perruques et cheveux","og_description":"Que vous cherchiez une perruque ou que vous souhaitiez faire don de vos cheveux, n'oubliez pas de tenir compte des \u00e9l\u00e9ments suivants","og_url":"https:\/\/www.braintumour.ca\/fr\/perruques-et-cheveux\/","og_site_name":"Fondation canadienne des tumeurs c\u00e9r\u00e9brales","article_modified_time":"2022-03-09T19:04:24+00:00","og_image":[{"width":1920,"height":1419,"url":"https:\/\/www.braintumour.ca\/wp-content\/uploads\/2019\/12\/girl-1037995_1920.jpg","type":"image\/jpeg"}],"twitter_card":"summary_large_image","schema":{"@context":"https:\/\/schema.org","@graph":[{"@type":"WebPage","@id":"https:\/\/www.braintumour.ca\/fr\/perruques-et-cheveux\/","url":"https:\/\/www.braintumour.ca\/fr\/perruques-et-cheveux\/","name":"Perruques et cheveux - Fondation canadienne des tumeurs c\u00e9r\u00e9brales","isPartOf":{"@id":"https:\/\/www.braintumour.ca\/fr\/#website"},"primaryImageOfPage":{"@id":"https:\/\/www.braintumour.ca\/fr\/perruques-et-cheveux\/#primaryimage"},"image":{"@id":"https:\/\/www.braintumour.ca\/fr\/perruques-et-cheveux\/#primaryimage"},"thumbnailUrl":"https:\/\/www.braintumour.ca\/wp-content\/uploads\/2019\/12\/girl-1037995_1920.jpg","datePublished":"2019-12-19T13:52:46+00:00","dateModified":"2022-03-09T19:04:24+00:00","description":"Que vous cherchiez une perruque ou que vous souhaitiez faire don de vos cheveux, n'oubliez pas de tenir compte des \u00e9l\u00e9ments suivants","breadcrumb":{"@id":"https:\/\/www.braintumour.ca\/fr\/perruques-et-cheveux\/#breadcrumb"},"inLanguage":"fr-CA","potentialAction":[{"@type":"ReadAction","target":["https:\/\/www.braintumour.ca\/fr\/perruques-et-cheveux\/"]}]},{"@type":"ImageObject","inLanguage":"fr-CA","@id":"https:\/\/www.braintumour.ca\/fr\/perruques-et-cheveux\/#primaryimage","url":"https:\/\/www.braintumour.ca\/wp-content\/uploads\/2019\/12\/girl-1037995_1920.jpg","contentUrl":"https:\/\/www.braintumour.ca\/wp-content\/uploads\/2019\/12\/girl-1037995_1920.jpg","width":1920,"height":1419,"caption":"girl with orange wig"},{"@type":"BreadcrumbList","@id":"https:\/\/www.braintumour.ca\/fr\/perruques-et-cheveux\/#breadcrumb","itemListElement":[{"@type":"ListItem","position":1,"name":"Home","item":"https:\/\/www.braintumour.ca\/fr\/"},{"@type":"ListItem","position":2,"name":"Perruques et cheveux"}]},{"@type":"WebSite","@id":"https:\/\/www.braintumour.ca\/fr\/#website","url":"https:\/\/www.braintumour.ca\/fr\/","name":"Fondation canadienne des tumeurs c\u00e9r\u00e9brales","description":"Notre mission est de venir en aide \u00e0 toutes les personnes touch\u00e9es par une tumeur c\u00e9r\u00e9brale au Canada par le biais de nos programmes d\u2019information, de soutien, d\u2019\u00e9ducation et de recherche.","potentialAction":[{"@type":"SearchAction","target":{"@type":"EntryPoint","urlTemplate":"https:\/\/www.braintumour.ca\/fr\/?s={search_term_string}"},"query-input":{"@type":"PropertyValueSpecification","valueRequired":true,"valueName":"search_term_string"}}],"inLanguage":"fr-CA"}]}},"_links":{"self":[{"href":"https:\/\/www.braintumour.ca\/fr\/wp-json\/wp\/v2\/pages\/3891","targetHints":{"allow":["GET"]}}],"collection":[{"href":"https:\/\/www.braintumour.ca\/fr\/wp-json\/wp\/v2\/pages"}],"about":[{"href":"https:\/\/www.braintumour.ca\/fr\/wp-json\/wp\/v2\/types\/page"}],"author":[{"embeddable":true,"href":"https:\/\/www.braintumour.ca\/fr\/wp-json\/wp\/v2\/users\/4"}],"replies":[{"embeddable":true,"href":"https:\/\/www.braintumour.ca\/fr\/wp-json\/wp\/v2\/comments?post=3891"}],"version-history":[{"count":0,"href":"https:\/\/www.braintumour.ca\/fr\/wp-json\/wp\/v2\/pages\/3891\/revisions"}],"wp:featuredmedia":[{"embeddable":true,"href":"https:\/\/www.braintumour.ca\/fr\/wp-json\/wp\/v2\/media\/3158"}],"wp:attachment":[{"href":"https:\/\/www.braintumour.ca\/fr\/wp-json\/wp\/v2\/media?parent=3891"}],"wp:term":[{"taxonomy":"user_type","embeddable":true,"href":"https:\/\/www.braintumour.ca\/fr\/wp-json\/wp\/v2\/user_type?post=3891"}],"curies":[{"name":"wp","href":"https:\/\/api.w.org\/{rel}","templated":true}]}}

<p>Que vous cherchiez une perruque ou que vous souhaitiez faire don de vos cheveux, n&rsquo;oubliez pas de tenir compte des éléments suivants</p>

<!-- This site is optimized with the Yoast SEO Premium plugin v27.0 (Yoast SEO v27.0) - https://yoast.com/product/yoast-seo-premium-wordpress/ -->
<title>Perruques et cheveux - Fondation canadienne des tumeurs cérébrales</title>
<meta name="description" content="Que vous cherchiez une perruque ou que vous souhaitiez faire don de vos cheveux, n&#039;oubliez pas de tenir compte des éléments suivants" />
<meta name="robots" content="index, follow, max-snippet:-1, max-image-preview:large, max-video-preview:-1" />
<link rel="canonical" href="https://www.braintumour.ca/fr/perruques-et-cheveux/" />
<meta property="og:locale" content="fr_CA" />
<meta property="og:type" content="article" />
<meta property="og:title" content="Perruques et cheveux" />
<meta property="og:description" content="Que vous cherchiez une perruque ou que vous souhaitiez faire don de vos cheveux, n&#039;oubliez pas de tenir compte des éléments suivants" />
<meta property="og:url" content="https://www.braintumour.ca/fr/perruques-et-cheveux/" />
<meta property="og:site_name" content="Fondation canadienne des tumeurs cérébrales" />
<meta property="article:modified_time" content="2022-03-09T19:04:24+00:00" />
<meta property="og:image" content="https://www.braintumour.ca/wp-content/uploads/2019/12/girl-1037995_1920.jpg" />
	<meta property="og:image:width" content="1920" />
	<meta property="og:image:height" content="1419" />
	<meta property="og:image:type" content="image/jpeg" />
<meta name="twitter:card" content="summary_large_image" />
<script type="application/ld+json" class="yoast-schema-graph">{"@context":"https://schema.org","@graph":[{"@type":"WebPage","@id":"https://www.braintumour.ca/fr/perruques-et-cheveux/","url":"https://www.braintumour.ca/fr/perruques-et-cheveux/","name":"Perruques et cheveux - Fondation canadienne des tumeurs cérébrales","isPartOf":{"@id":"https://www.braintumour.ca/fr/#website"},"primaryImageOfPage":{"@id":"https://www.braintumour.ca/fr/perruques-et-cheveux/#primaryimage"},"image":{"@id":"https://www.braintumour.ca/fr/perruques-et-cheveux/#primaryimage"},"thumbnailUrl":"https://www.braintumour.ca/wp-content/uploads/2019/12/girl-1037995_1920.jpg","datePublished":"2019-12-19T13:52:46+00:00","dateModified":"2022-03-09T19:04:24+00:00","description":"Que vous cherchiez une perruque ou que vous souhaitiez faire don de vos cheveux, n'oubliez pas de tenir compte des éléments suivants","breadcrumb":{"@id":"https://www.braintumour.ca/fr/perruques-et-cheveux/#breadcrumb"},"inLanguage":"fr-CA","potentialAction":[{"@type":"ReadAction","target":["https://www.braintumour.ca/fr/perruques-et-cheveux/"]}]},{"@type":"ImageObject","inLanguage":"fr-CA","@id":"https://www.braintumour.ca/fr/perruques-et-cheveux/#primaryimage","url":"https://www.braintumour.ca/wp-content/uploads/2019/12/girl-1037995_1920.jpg","contentUrl":"https://www.braintumour.ca/wp-content/uploads/2019/12/girl-1037995_1920.jpg","width":1920,"height":1419,"caption":"girl with orange wig"},{"@type":"BreadcrumbList","@id":"https://www.braintumour.ca/fr/perruques-et-cheveux/#breadcrumb","itemListElement":[{"@type":"ListItem","position":1,"name":"Home","item":"https://www.braintumour.ca/fr/"},{"@type":"ListItem","position":2,"name":"Perruques et cheveux"}]},{"@type":"WebSite","@id":"https://www.braintumour.ca/fr/#website","url":"https://www.braintumour.ca/fr/","name":"Fondation canadienne des tumeurs cérébrales","description":"Notre mission est de venir en aide à toutes les personnes touchées par une tumeur cérébrale au Canada par le biais de nos programmes d’information, de soutien, d’éducation et de recherche.","potentialAction":[{"@type":"SearchAction","target":{"@type":"EntryPoint","urlTemplate":"https://www.braintumour.ca/fr/?s={search_term_string}"},"query-input":{"@type":"PropertyValueSpecification","valueRequired":true,"valueName":"search_term_string"}}],"inLanguage":"fr-CA"}]}</script>
<!-- / Yoast SEO Premium plugin. -->

Perruques et cheveux - Fondation canadienne des tumeurs cérébrales

Que vous cherchiez une perruque ou que vous souhaitiez faire don de vos cheveux, n'oubliez pas de tenir compte des éléments suivants

Fondation canadienne des tumeurs cérébrales

Notre mission est de venir en aide à toutes les personnes touchées par une tumeur cérébrale au Canada par le biais de nos programmes d’information, de soutien, d’éducation et de recherche.
